se 3 = -5*n - 12. Let y(a) be the second derivative of -a**5/20 - a**4/12 + 2*a**3/3 - a**2/2 - a. What is the units digit of y(n)?
5
Let k(n) = n**2 - 6*n + 12. Let o = -9 - -17. Let s be k(o). Let c = s + 0. What is the units digit of c?
8
What is the hundreds digit of ((-420)/(-24))/((-2)/(-68))?
5
Let s(x) = 2*x**2 + 5*x + 9. Let f be s(-4). Let n(w) = 3*w + 3. What is the units digit of n(f)?
6
Let z(l) = l**3 - l**2 - l + 3. Let j be z(2). Suppose -j*s = 5*r - 30, -5 = -r - 0*r. What is the units digit of s - (3 - (2 - -9))?
9
Suppose 3*q = 2*o - 4 - 5, -3*o + q + 17 = 0. Suppose 4*w - 6*w + o = 0. What is the units digit of w?
3
Let s(m) = -226*m - 60. What is the tens digit of s(-5)?
7
Let o(k) = 981*k**2 - 5*k + 8. What is the thousands digit of o(2)?
3
Let w = 6 - 16. Let v(k) = -k**2 - 10*k + 13. Let d be v(w). Suppose 10*h - d*h = -63. What is the tens digit of h?
2
Suppose 4*l - 126 = 258. What is the units digit of l?
6
Let v be ((-4)/6)/((-5)/(-45)). Let o be (8/6)/(v/(-9)). Suppose -5*q + 3*g = -188, -3*q - o*q - 2*g = -183. What is the units digit of q?
7
Suppose -m - f = -1162, f - 1833 = -2*m + 489. What is the units digit of m?
0
Let g(h) be the second derivative of h**5/20 - h**4/2 - h**3/6 + 6*h**2 + 4*h. Suppose -u = 2*w - 16, -2*u + 0*u - w + 17 = 0. What is the units digit of g(u)?
6
Suppose 2*u - 3*u - 12 = 0. Let m = -8 + u. What is the units digit of (-8)/m + 128/5?
6
Let y = -47 - -15. Let k = -57 + 123. Let r = k + y. What is the units digit of r?
4
Let d = 28 + 107. Suppose -u + 8 = -4*h - 16, -2 = 2*u + 2*h. Suppose -u*q - 5*g = -d, -2*g = q + 2 - 35. What is the units digit of q?
5
Suppose 82*l - 63*l - 22876 = 0. What is the units digit of l?
4
Let l be (-16)/(-12)*(-3)/(-2). What is the units digit of (6 - 4) + 1 + l?
5
Suppose 29*o - 8*o - 9870 = 0. What is the hundreds digit of o?
4
Let s(b) = -57*b**3 + 2*b**2 - 3*b - 8. What is the units digit of s(-2)?
2
Let o = 47 + 5. Suppose -128 = -4*j + w, -o = -2*j - 5*w - 10. What is the tens digit of j?
3
Suppose 11*c - 8 = 7*c. Let g be (-15 - -63) + (-6)/c. Suppose g - 157 = -2*u. What is the tens digit of u?
5
Let i(p) = -p**2 - 11*p - 1. Let z be i(-10). Let a = 12 - z. Let k(t) = t**3 - 4*t**2 + 6*t - 6. What is the units digit of k(a)?
3
Let k be (-20)/(-3) - (-8)/(-12). Suppose -4 = -s + 3*i + k, -5*s - 22 = 3*i. What is the units digit of s - (3 - (2 + 27))?
4
Suppose 2*t - 2*p - 236 = 0, 3*t - t - p = 241. Let j = t + -29. What is the units digit of j?
4
Let q(x) = 7*x**3 + 2*x**2 - 4*x - 7. What is the tens digit of q(6)?
5
Let m(j) be the first derivative of -1/4*j**4 - 13/3*j**3 - 9*j**2 - 2*j + 7. What is the units digit of m(-12)?
0
Suppose 94 = 4*n + 26. Suppose -n*t - 1624 = -25*t. What is the hundreds digit of t?
2
What is the hundreds digit of (-5394)/(-2) + 21/((-35)/5)?
6
Let j = -352 - -522. What is the tens digit of j?
7
Suppose -7*v = 2*v - 81. What is the tens digit of 120 - (6/v)/(2/(-3))?
2
Suppose s - 42 = 2*q - 0*q, q = -5*s + 188. Let f = s + 115. What is the tens digit of f?
5
Let h(x) = x + 1. Let r be h(3). Let v be r*4/16*43. What is the tens digit of v - (3/(-3))/(-1)?
4
Suppose -67 = 2*y + 39. Let s be 4/(1 + 1) - y. Suppose 5*r + s = 5*x, 5*x - 2*r - r = 59. What is the units digit of x?
3
Suppose 0 = -0*t + 2*t + 154. Let z be 14/t + 84/(-22). Let o = 4 - z. What is the units digit of o?
8
Suppose -82*q - 1096 = -84*q. What is the tens digit of q?
4
Let f = -14 + 19. Let p = f + 2. Suppose -p - 3 = -n. What is the units digit of n?
0
Let j(i) = 40*i - 160. What is the tens digit of j(32)?
2
Suppose 0 = -a + 15 - 18. What is the units digit of a*(-4)/3 - (-17 - 185)?
6
Let u = -94 - -160. Suppose 36 = -8*r + 5*r. What is the tens digit of (46/r)/((-11)/u)?
2
Let p(c) = -c**2 - 10*c - 6. Let q be p(-9). Suppose t - 5*d = 2, 3*t - d - q*d - 28 = 0. Suppose 4 + t = 2*i. What is the units digit of i?
8
Suppose -2*u = -5*u + 15, -5*u = -4*m + 9823. What is the tens digit of m?
6
Let c = 2556 - 689. What is the units digit of c?
7
Let u(a) = a**2 - 9*a - 6. Let j(y) = y + 1. Let q(m) = -6*j(m) - u(m). What is the units digit of q(1)?
2
Suppose 3*m - t - 1 = -6*t, -4*m + 9 = -t. Suppose m*o - 59 = -11. What is the tens digit of o?
2
Let z(y) = -46*y + 1. Suppose 20 = 4*m + 4*p, -2*p = -8 - 0. Let c be z(m). What is the tens digit of (42/(-9))/(6/c)?
3
Let s(c) = 240*c**2 - 2*c - 3. What is the hundreds digit of s(-1)?
2
Suppose 23 = 2*z - 4*r + 1, 2*z = 5*r + 25. Suppose -9 = z*i - 8*i. Suppose -11 = -2*q + i*j, 5*q - j - 33 - 14 = 0. What is the tens digit of q?
1
Suppose -22*i = -20*i - 1404. What is the hundreds digit of i?
7
Suppose -2*n + 6 = -l - 58, -3*l = -3*n + 93. What is the units digit of 6/n + (-168)/(-44) + 239?
3
Suppose o = 238 + 542. What is the hundreds digit of o?
7
Let y(f) = -8*f**2 - 7*f + 3 - f**3 - f**3 + 0*f**3 + f**3. Suppose -4*v - 28 = -0*v. What is the units digit of y(v)?
3
Let a(r) = -7*r**3 + 7*r**2 + 11*r**3 + 139 - 6*r + 10*r**3 - 136. What is the units digit of a(2)?
1
Let c(z) = 14*z**2 + 4*z + 5. Let f be -2 + (-9)/12 + (-1)/4. What is the units digit of c(f)?
9
Suppose 2*k - 20 = -3*k. Suppose 425 = 3*o + 2*j, 575 = k*o - 3*j + 4*j. What is the hundreds digit of o?
1
Suppose 6 = 3*i, -3*r + 0*r + 7 = 5*i. Let p be -4*4/(8*r). Suppose -s + 3*k + 59 = -p*k, 2*s = k + 73. What is the units digit of s?
4
Let r = 7 - 8. Let i be r/((-2)/6) - -9. Suppose -4*x + 0*x + i = 0. What is the units digit of x?
3
Let f be (-3)/((-6)/52)*1. Suppose 3*x = 2*c + 12, 3*c - f + 5 = -2*x. Suppose -11*d + 175 = -x*d. What is the tens digit of d?
3
Suppose -4*l + l - 5*t = -69, 5*t = 0. Suppose -g + 4*a + l = 0, 0 = 2*g - 3*a - 2*a - 52. What is the tens digit of g?
3
Suppose -5*t - 7*f + 3*f = -4216, -5*t + f + 4196 = 0. What is the tens digit of t?
4
Let f = 79 - 77. Let b(l) = l**2 - l + 1. Let i be b(2). Suppose d = -i*c - d + 201, -c - f*d = -67. What is the tens digit of c?
6
Let n = 237 + -59. What is the units digit of n?
8
Let n = 126 - 230. Let o = 109 + n. What is the units digit of o?
5
Let n be -3*(-2)/(-12)*0. What is the units digit of (1 - n - (-11)/(-3))*-39?
4
Let s = 1351 - 877. Suppose 465 = 3*p + u, 11*p - 2*u - s = 8*p. What is the hundreds digit of p?
1
Let k(j) = -j**3 + 4*j**2 + 3*j - 7. Let y be k(5). Let h = -109 - -132. Let t = y + h. What is the units digit of t?
6
Let o = -251 - 545. Let l = o - -460. What is the tens digit of 1/((-4)/l*3)?
2
Let g(j) = 9 - 15 + 6*j + 9*j. What is the tens digit of g(9)?
2
Let n = 47 - 25. Suppose 37 = k - n. Let r = k + -17. What is the units digit of r?
2
Suppose 971 = -5*p + 7296. Suppose 11*l - p = -429. What is the units digit of l?
6
Let c(o) = 10*o**2 - 22*o + 80. What is the tens digit of c(6)?
0
Let z(s) = -1 + 2*s**2 + 286*s**3 + 203*s**3 - s - 270*s**3. What is the units digit of z(1)?
9
Let u(w) = -w**3 - 17*w**2 + 32*w + 64. What is the tens digit of u(-21)?
5
Let o(x) = -340*x - 52. What is the hundreds digit of o(-2)?
6
Let q(a) = 135*a**3 - 2*a**2 + 4*a - 3. What is the units digit of q(2)?
7
What is the hundreds digit of -3*(-485 + 21/(-12)*-4)?
4
Suppose 6 = -2*c, 4*a + 5*c = -a + 5660. What is the thousands digit of a?
1
What is the thousands digit of (10 - (-361)/(-38))*(-9556)/(-2)?
2
Let b be (1 - 27/15)*-180. What is the tens digit of b/(-54)*123/(-4)?
8
What is the tens digit of 35/28 - 100225/(-76)?
2
What is the tens digit of 6/4*4028/114*7?
7
Let p(h) be the first derivative of -h**3/3 + 4*h**2 + h - 135. Let x be 6 - (-1 + 1 + -1). What is the units digit of p(x)?
8
What is the hundreds digit of ((-145)/(-3))/((-3 + -7)/(-90))?
4
Let a = 7 - 2. Suppose 96 = a*l - 579. Suppose f - 3 = 2, -5*x - 5*f = -l. What is the units digit of x?
2
Let g(d) = 63*d**2 + 18*d + 36. What is the hundreds digit of g(-4)?
9
Let l(q) = -402*q + 121. What is the tens digit of l(-4)?
2
Let l(y) = -y**2 + 15*y - 10. Let m be l(14). Suppose 3*c - 2*u - 24 = 0, -m*c + 3*u + 39 = 6. What is the tens digit of c/(-18) - (-40)/3?
1
Suppose 0 = o + 2*u - 1501, -62*u + 58*u - 1525 = -o. What is the thousands digit of o?
1
What is the tens digit of 107/1*1700/68?
7
What is the units digit of (-3 + 1)/((26/6383)/(-1))?
1
Suppose -8*c + 54 = -5*c. Let t = c 